g - 217. What is m(16)?
-25
Let h(l) = -9*l**2 + 34*l - 24. Give h(3).
-3
Let n(f) = -3*f**2 - 154*f + 823. What is n(5)?
-22
Let m(v) = -v**3 + 32*v**2 + 4*v + 128. What is m(32)?
256
Let w(q) = q**2 + 67*q + 382. Give w(-63).
130
Let r(t) = -5*t + 187. Calculate r(23).
72
Let o(n) = -2*n**3 + 23*n**2 - 29*n - 3. Calculate o(10).
7
Let m(f) = -15*f**3 + 913*f**2 + 186*f - 3896. Determine m(61).
8
Let s(j) = 2*j**2 - 80*j - 329. Calculate s(44).
23
Let k(u) = u**2 + 318*u - 1607. What is k(5)?
8
Let y(m) = m**3 + 76*m**2 + 1001*m - 121. Determine y(-59).
-3
Let n(f) = -2*f**3 - f**2 + 8*f + 16. Determine n(-4).
96
Let x(i) = -658*i - 1276. Give x(-2).
40
Let f(g) = 19*g + 2132. Determine f(-111).
23
Let p(x) = 100*x - 1103. Determine p(11).
-3
Let a(q) = 17*q**2 + 10*q - 11. Calculate a(3).
172
Let p(l) = -l**3 - 10*l**2 - 177*l - 1093. What is p(-7)?
-1
Let r(l) = -149*l**2 - 27*l - 41. Determine r(-2).
-583
Let u(w) = 56*w - 3359. Give u(60).
1
Let n(y) = -1387*y + 40. Calculate n(0).
40
Let d(q) = 2*q**3 + 36*q**2 + 94*q + 1025. Determine d(-17).
5
Let a(w) = -59*w - 759. Give a(-13).
8
Let b(r) = 10*r**2 + 41*r - 46. Calculate b(-5).
-1
Let x(t) = t**3 - 9*t**2 - 12*t + 32. Determine x(10).
12
Let j(v) = -6*v**2 - 633*v - 3602. Determine j(-6).
-20
Let j(n) = 3*n**2 - n - 97. Determine j(8).
87
Let b(x) = 3*x**2 + 101*x + 66. Calculate b(-33).
0
Let q(o) = -389*o**2 + o + 3. Calculate q(-1).
-387
Let b(l) = -l**3 - 41*l**2 - 77*l + 46. Calculate b(-39).
7
Let h(x) = -x**3 - 23*x**2 + 9*x - 4. Determine h(0).
-4
Let q(w) = 788*w - 8658. Calculate q(11).
10
Let z(s) = 7*s - 14. Give z(-7).
-63
Let q(h) = -h**3 + 2*h**2 + 26*h - 39. What is q(9)?
-372
Let l(y) = y**3 - 6*y**2 + 30*y + 30. Determine l(5).
155
Let i(v) = -532*v + 445. Calculate i(1).
-87
Let l(f) = f**3 + 60*f**2 - 7*f - 440. Give l(-60).
-20
Let q(z) = -64*z + 3335. Determine q(52).
7
Let r(d) = 39*d + 29. Determine r(-1).
-10
Let s(w) = -2*w**2 - 51*w - 86. Calculate s(-24).
-14
Let o(z) = z**3 - 15*z**2 + z + 28. What is o(7)?
-357
Let r(v) = -1253*v - 1292. Calculate r(-1).
-39
Let y(f) = f**3 + 17*f**2 + 35*f - 104. What is y(-14)?
-6
Let y(p) = p**3 - 84*p**2 - 348*p + 1. Determine y(-4).
-15
Let l(p) = -2*p**3 + 2*p**2 + 10*p - 3. Give l(2).
9
Let j(y) = -2*y**2 - 56*y + 627. Determine j(11).
-231
Let h(u) = -12*u + 369. Give h(45).
-171
Let j(f) = 114*f + 2847. What is j(-25)?
-3
Let x(a) = -a**2 + 46*a + 1870. Determine x(-26).
-2
Let z(i) = -i**3 - 9*i**2 - 174*i - 761. What is z(-5)?
9
Let q(f) = -274*f + 9265. Calculate q(33).
223
Let g(c) = -c**3 + 15*c**2 + 8*c - 11. Determine g(16).
-139
Let v(p) = p**3 - 29*p**2 - 42*p + 4. What is v(30)?
-356
Let o(p) = -2*p**2 - 2*p - 80. What is o(0)?
-80
Let g(p) = -p**2 + 21. Calculate g(-5).
-4
Let n(c) = 7*c - 526. Give n(52).
-162
Let l(v) = -455*v + 3641. Determine l(8).
1
Let u(x) = -312*x**2 - 2*x + 3. Give u(1).
-311
Let m(f) = 159*f - 126. What is m(6)?
828
Let l(w) = 2*w**2 + 3444*w + 6878. Give l(-2).
-2
Let z(l) = 9*l**3 - 5*l**2 - 167*l - 163. What is z(-1)?
-10
Let m(r) = 2*r**2 - 54*r + 291. Determine m(6).
39
Let j(m) = -m**2 + 82*m + 718. Calculate j(90).
-2
Let u(v) = -v**3 - 9*v**2 + 41*v + 8. Calculate u(-11).
-201
Let l(u) = -346*u + 49. Give l(-1).
395
Let a(q) = -q**3 + 3*q**2 + 40*q - 157. Calculate a(5).
-7
Let y(g) = g**2 + 12*g - 1533. What is y(-44)?
-125
Let j(r) = -161*r - 963. Calculate j(-5).
-158
Let o(l) = -l**3 + 14*l**2 + 105*l - 25. Give o(19).
165
Let u(h) = -271*h**3 + 6*h**2 + 10*h + 4. Determine u(-1).
271
Let p(d) = -1444*d + 17337. Give p(12).
9
Let t(o) = -9*o**3 - 8*o**2 - 48*o - 96. Give t(-2).
40
Let j(x) = -x**3 + 21*x**2 - 26*x + 72. Calculate j(20).
-48
Let o(m) = 7*m**3 + 37*m**2 + 6*m - 2. Calculate o(-5).
18
Let r(c) = 13*c**2 + 176*c - 13. Determine r(-14).
71
Let z(a) = -2346*a - 16415. Give z(-7).
7
Let u(v) = -v**2 - 101*v - 782. What is u(-8)?
-38
Let o(z) = 108*z**2 + 6*z - 4. Calculate o(1).
110
Let l(c) = -c**2 - 54*c + 2525. What is l(-84)?
5
Let f(d) = -9*d**3 - 13*d**2 + 16*d - 4. Calculate f(1).
-10
Let f(v) = -v**3 + 36*v**2 + 38*v + 152. Give f(37).
189
Let u(o) = o**3 - 4*o**2 - 24*o + 13. Give u(5).
-82
Let n(q) = 8*q + 332. Calculate n(-16).
204
Let p(v) = -266*v - 10353. Calculate p(-39).
21
Let a(v) = 17*v - 85. What is a(9)?
68
Let a(b) = -b**3 + 31*b**2 + 749*b + 145. Determine a(47).
4
Let x(r) = 3*r**3 + 16*r**2 + 8*r + 13. What is x(-4)?
45
Let v(j) = j**3 - 136*j**2 + j - 172. Determine v(136).
-36
Let u(v) = -v**3 - 15*v**2 - 49*v - 350. Calculate u(-10).
-360
Let d(k) = 20*k + 304. Calculate d(-14).
24
Let a(f) = -f**3 + 12*f**2 + 6*f + 375. Determine a(14).
67
Let y(t) = -5*t**3 + 3*t**2 + 6*t - 21. Calculate y(3).
-111
Let v(k) = -k**2 - 227*k - 1532. Calculate v(-7).
8
Let p(r) = -r**2 - 160*r - 821. Calculate p(-5).
-46
Let q(b) = 24*b**2 + 2172*b + 3212. Give q(-89).
8
Let h(m) = -9*m**2 - 106*m - 71. Give h(-11).
6
Let z(w) = -65*w - 286. Calculate z(-8).
234
Let o(b) = -b**3 - 75*b**2 - 415*b - 37. Determine o(-69).
32
Let i(c) = -2*c**3 + 109*c**2 + 163*c + 287. Calculate i(56).
7
Let g(k) = 108*k - 230. What is g(2)?
-14
Let u(x) = -x**2 - 34*x - 161. Calculate u(-5).
-16
Let g(x) = -1802*x**2 - 25229*x - 21. Calculate g(-14).
-7
Let g(s) = -s**2 - 39*s + 879. Calculate g(16).
-1
Let b(z) = 30*z + 138. What is b(-36)?
-942
Let c(v) = -396*v - 20189. What is c(-51)?
7
Let j(l) = 5*l**2 + 275*l + 2785. Determine j(-13).
55
Let l(c) = 57*c + 787. What is l(-19)?
-296
Let t(q) = 2*q**2 + 24*q + 46. Determine t(-9).
-8
Let v(h) = -h**2 - 55*h - 161. Calculate v(-50).
89
Let x(n) = 694*n + 21561. Calculate x(-31).
47
Let s(v) = 5*v + 286. What is s(-28)?
146
Let k(q) = -q**3 + 36*q**2 - 71*q + 2. Give k(34).
-100
Let v(k) = -6*k**2 - 169*k - 1287. Calculate v(-8).
-319
Let m(h) = -5*h**2 + 15*h + 82. What is m(11)?
-358
Let b(k) = -175*k + 743. Determine b(5).
-132
Let i(z) = 44*z + 195. Calculate i(-8).
-157
Let k(q) = q**2 + 12*q + 50. Determine k(-6).
14
Let j(q) = q**2 + 47*q - 482. Give j(8).
-42
Let f(g) = g**3 - 5*g**2 - 184*g + 514. Determine f(15).
4
Let f(d) = -40*d - 2. Calculate f(-7).
278
Let d(m) = m**2 + 2*m - 203. Calculate d(10).
-83
Let c(s) = -90*s - 1621. Give c(-18).
-1
Let z(u) = -2*u**3 + 29*u**2 + 44*u + 43. What is z(16)?
-21
Let n(p) = p**3 - 33*p**2 + 166*p - 46. Determine n(6).
-22
Let b(u) = -57*u + 629. What is b(12)?
-55
Let f(y) = 4*y**2 + 3*y - 16. Give f(-9).
281
Let z(d) = 41*d + 19. Give z(4).
183
Let f(p) = 123*p - 702. What is f(5)?
-87
Let v(q) = 89*q**2 + 355*q - 23. Give v(-4).
-19
Let z(r) = -r**3 - 43*r**2 + 5*r + 69. Determine z(-43).
-146
Let h(v) = 274*v - 44383. Calculate h(162).
5
Let x(g) = 25*g + 21. Calculate x(5).
146
Let y(u) = u**2 - 686*u - 9068. Determine y(-13).
19
Let j(u) = -10*u**2 - 3*u. Calculate j(4).
-172
Let a(g) = 2*g**3 - 7*g**2 - 16*g + 91. Give a(4).
43
Let t(h) = -8*h**2 + 16*h + 27. What is t(-2)?
-37
Let x(u) = 29*u**2 - 292*u + 26. Give x(10).
6
Let y(k) = -66*k - 1569. Give y(-24).
15
Let m(l) = -14*l**2 + 9*l - 23. What is m(5)?
-328
Let c(m) = -134*m - 4857. What is c(-36)?
-33
Let m(u) = -u**3 - 142*u**2 - 112*u + 4072. Calculate m(-141).
-17
Let y(v) = -16*v**2 - 163*v + 43. Determine y(-12).
-305
Let r(h) = 6*h**3 + 3*h**2 + 4*h - 9. What is r(2)?
59
Let s(v) = v**3 + 48*v**2 + 220*v + 115. What is s(-43)?
-100
Let w(s) = -2*s**2 + 235*s - 6036. What is w(38)?
6
Let w(p) = -p**3 - 52*p**2 + 2*p + 130. What is w(-52)?
26
Let c(j) = 5*j**2 + j - 3. What is c(-3)?
39
Let t(p) = 2*p**2 + 175*p - 5895. Calculate t(26).
7
Let s(i) = 30*i + 429. Give s(-12).
69
Let k(h) = -670*h + 1322. What is k(2)?
-18
Let s(a) = 7*a**2 + 65*a - 352. What is s(5)?
148
Let j(b) = -7*b**2 + 937*b + 213. Calculate j(134).
79
Let h(n) = -24498*n + 220485. Give h(9).
3
Let o(r) = 2*r**2 + 22*r - 273. What is o(-18)?
-21
Let b(i) = -3*i**3 + 13*i**2 - 8*i + 19. Calculate b(4).
3
Let d(q) = -q**3 + 7*q**2 + 403*q - 2444. Calculate d(6).
10
Let p(h) = -h + 8. What is p(9)?
-1
Let g(k) = k**3 - 44*k**2 - 195*k - 7. What is g(-4)?
5
Let o(d) = -184*d + 9575. Determine o(52).
7
Let u(a) = -4*a**3 - 84*a**2 + 117*a + 647. Calculate u(-22).
9
Let x(h) = -2*h**2 - 474*h - 11345. Give x(-27).
-5
L